 -42?
-4a
In base 10, what is -3 + 22?
19
In base 10, what is -27 - 4?
-31
In base 3, what is -10120 - 0?
-10120
In base 2, what is -1000 - -101110011?
101101011
In base 7, what is -403 + -45?
-451
In base 10, what is 2650 - -2?
2652
In base 10, what is -11 - -109?
98
In base 14, what is 0 - -876?
876
In base 3, what is 10202 + -102?
10100
In base 14, what is -73 + 8?
-69
In base 9, what is -1432 - 0?
-1432
In base 7, what is 3 - 16?
-13
In base 4, what is -11 + 303331?
303320
In base 4, what is 110 + 303?
1013
In base 16, what is 0 + -3b7?
-3b7
In base 11, what is 29 + 6?
34
In base 7, what is -2 + 14524?
14522
In base 14, what is -4 - -361?
35b
In base 4, what is 11 - -2?
13
In base 3, what is 20 - 101110?
-101020
In base 2, what is 100000100101 - -10?
100000100111
In base 2, what is 101 + 11101?
100010
In base 2, what is 1011 + 0?
1011
In base 7, what is 1 - -66?
100
In base 4, what is 133230 - 3?
133221
In base 3, what is 210112 - -11?
210200
In base 6, what is -5155 + -102?
-5301
In base 2, what is -111 + 100111111?
100111000
In base 16, what is -4 - 29?
-2d
In base 9, what is 1 - 1074?
-1073
In base 9, what is -337 - -6?
-331
In base 2, what is 10 - -1110?
10000
In base 5, what is -210141 + 4?
-210132
In base 16, what is -158 - 3c?
-194
In base 8, what is -11 - -32?
21
In base 9, what is 2 + 115?
117
In base 7, what is 352 + -212?
140
In base 6, what is 3 - 1101?
-1054
In base 13, what is 2 - bb?
-b9
In base 10, what is 344 - -2?
346
In base 2, what is 1 + 11001?
11010
In base 2, what is -110011010 + 11?
-110010111
In base 13, what is 4 - -230?
234
In base 16, what is -2 - -37?
35
In base 8, what is 14 - 1011?
-775
In base 12, what is -32 + -a?
-40
In base 8, what is 131 + 25?
156
In base 15, what is -1 + 112?
111
In base 8, what is 3204 + 1?
3205
In base 4, what is 2 - 2231?
-2223
In base 13, what is 87 - -4?
8b
In base 16, what is 1 + -437?
-436
In base 6, what is -5 + -13110?
-13115
In base 2, what is -11111 + 11011?
-100
In base 5, what is -1222 + 2?
-1220
In base 16, what is 5 + 1344?
1349
In base 8, what is 4 - -623?
627
In base 4, what is 21 - -3?
30
In base 11, what is 21 + -3?
19
In base 13, what is -9 + -2a1?
-2aa
In base 5, what is 1224 + -331?
343
In base 5, what is -30241 - 10?
-30301
In base 2, what is 10000100011 + -1001?
10000011010
In base 13, what is 38 - 1?
37
In base 12, what is 620 - 2?
61a
In base 3, what is -10 - 1110?
-1120
In base 10, what is -37 - 2?
-39
In base 4, what is -220 + -32?
-312
In base 6, what is -1 + 10411?
10410
In base 9, what is -4 - 400?
-404
In base 13, what is 2 + 306?
308
In base 10, what is 43 + -7?
36
In base 3, what is 100 + 111?
211
In base 6, what is -210 + -10?
-220
In base 4, what is -2 + -130230?
-130232
In base 6, what is 114 - -113?
231
In base 8, what is -73 - -1?
-72
In base 7, what is -5 + 111?
103
In base 9, what is -3 - -478?
475
In base 12, what is 10b - 24?
a7
In base 4, what is -1 + -310?
-311
In base 2, what is -10000110011111 - 101?
-10000110100100
In base 9, what is -2 + 633?
631
In base 15, what is 2e - -2?
31
In base 3, what is 212012 - 100?
211212
In base 7, what is -11251 - -1?
-11250
In base 5, what is 11402 + 1?
11403
In base 5, what is 11 - -31?
42
In base 13, what is -2664 + -4?
-2668
In base 11, what is 0 - 6?
-6
In base 12, what is 4 + 22?
26
In base 7, what is -34 + -164?
-231
In base 7, what is 24654 - 5?
24646
In base 2, what is 1000001110 - -111?
1000010101
In base 2, what is 110000001 - 101?
101111100
In base 3, what is 0 + -11221222?
-11221222
In base 2, what is -110010011 - -11?
-110010000
In base 5, what is 0 + -4223?
-4223
In base 9, what is 432 - -1?
433
In base 14, what is 5 - 1c5?
-1c0
In base 9, what is 1112 + 3?
1115
In base 5, what is 0 - -4103?
4103
In base 14, what is 173 - -15?
188
In base 2, what is -1000010110 - -101?
-1000010001
In base 3, what is 10010 - 10?
10000
In base 6, what is -54344 + -2?
-54350
In base 15, what is 1523 - -5?
1528
In base 3, what is -11 - 200?
-211
In base 4, what is -2023 - -1?
-2022
In base 10, what is -5 - -759?
754
In base 11, what is -19 - -12a?
111
In base 2, what is -10 - -1011001?
1010111
In base 6, what is 35 + 4?
43
In base 14, what is a92 - 4?
a8c
In base 10, what is 819 - 2?
817
In base 5, what is -2 - -20114?
20112
In base 8, what is 6 + 4?
12
In base 15, what is -14 - -1?
-13
In base 5, what is 1 - -201?
202
In base 3, what is -101 + 10002?
2201
In base 10, what is -8 + -15?
-23
In base 10, what is 2 + 415?
417
In base 10, what is -1 - 46?
-47
In base 11, what is 987 - 5?
982
In base 12, what is -2 + -32?
-34
In base 5, what is 2 - 3001?
-2444
In base 4, what is 13021 - -3?
13030
In base 14, what is -47 + 5?
-42
In base 7, what is -3 + 1014?
1011
In base 13, what is 4 - 1c87?
-1c83
In base 9, what is -1037 + 27?
-1010
In base 11, what is -774 + -22?
-796
In base 2, what is -1 - -10111100?
10111011
In base 14, what is 3a - 5?
35
In base 15, what is -16 - -21?
a
In base 8, what is 0 + 67?
67
In base 3, what is -111202 - 12?
-111221
In base 4, what is 2 + -200?
-132
In base 8, what is -23 - -163?
140
In base 7, what is -344 + 3?
-341
In base 14, what is 1 + 36?
37
In base 9, what is -15 - -82?
66
In base 7, what is -4 + -521?
-525
In base 11, what is -474 - 5?
-479
In base 15, what is -120 + -1?
-121
In base 6, what is -21 - 440?
-501
In base 12, what is 1 - 2442?
-2441
In base 8, what is -153554 - 3?
-153557
In base 2, what is -1001001010000011 + 101?
-1001001001111110
In base 12, what is -5 + 19?
14
In base 10, what is -3 - 230?
-233
In base 2, what is 110 - -1110?
10100
In base 16, what is a2 + 0?
a2
In base 2, what is -10 + -10000100?
-10000110
In base 12, what is 1a7 - -12?
1b9
In base 8, what is -611 + 2?
-607
In base 4, what is -1103221 - 2?
-1103223
In base 9, what is -4 + 441?
436
In base 2, what is 1011 + -1011100?
-1010001
In base 10, what is 11 - -118?
129
In base 13, what is -c90 - 2?
-c92
In base 9, what is 3 - 17?
-14
In base 8, what is 5 - -511?
516
In base 16, what is a - 24?
-1a
In base 12, what is 14 + -8?
8
In base 13, what is 3 + -132?
-12c
In base 16, what is -365 + e?
-357
In base 10, what is -5 - 845?
-850
In base 9, what is -67 + 3?
-64
In base 15, what is 2c23 + -1?
2c22
In base 5, what is 440 - 430?
10
In base 6, what is -110231 + 0?
-110231
In base 12, what is 5 + -612?
-609
In base 6, what is -1 + 2421?
2420
In base 10, what is 1014 - 0?
1014
In base 6, what is 0 - 10323?
-10323
In base 4, what is 2320 - 0?
2320
In base 2, what is 10001100010011 + -100?
10001100001111
In base 7, what is -2242 + 0?
-2242
In base 5, what is -220 - -12?
-203
In base 5, what is 404 - 120?
234
In base 10, what is -360 - 2?
-362
In base 12, what is 2 - -2582?
2584
In base 7, what is 6 + 3?
12
In base 4, what is 0 + 10211?
10211
In base 4, what is 22 - 232322?
-232300
In base 13, what is -6 - 34?
-3a
In base 15, what is 6 - e?
-8
In base 5, what is -120 + -2203?
-2323
In base 11, what is 13 + -a7?
-94
In base 10, what is 0 + -193?
-193
In base 8, what is 5 + 1016?
1023
In base 15, what is 3 + 370?
373
In base 15, what is 168 + -1?
167
In base 5, what is 442 + 410?
1402
In base 3, what is -1 - 111?
-112
In base 2, what is 11011011 + -101?
11010110
In base 8, what is 5 + -44?
-37
In base 12, what is 2 - -3?
5
In base 9, what is -2653 - 3?
-2656
In base 6, what is -534 + 2?
-532
In base 8, what is -20 - 3?
-23
In base 2, what is 10011010001 - 10?
10011001111
In base 4, what is -132 - 321?
-1113
In base 14, what is -cc + -1?
-cd
In base 7, what is 2 - 225?
-223
In base 7, what is -24 + 121?
64
In base 15, what is -8 - -14?
b
In base 10, what is -3 + -120?
-123
In base 9, what is -146 - -2?
-144
In base 3, what is -1111202 + 1?
-1111201
In base 12, what is -320 + -44?
-364
In base 9, what is -727 - 1?
-728
In base 6, what is 1 + 14?
15
In base 10, what is 419 - 26?
393
In base 10, what is -458 + -2?
-460
In base 7, what is 52 + -25?
24
In base 6, what is -14330 - -1?
-14325
In base 12, what is -4 - -132?
12a
In base 11, what is -19 - 73?
-91
In base 13, what is -6b - 0?
-6b
In base 13, what is 5 + -20?
-18
In base 7, what is 4532 + -3?
4526
In base 5, what is -3003 - 40?
-3043
In base 14, what is 7 - -28d?
296
In base 6, what is 0 - 1502?
-1502
In base 12, what is -55 - 0?
-55
In base 3, what is -1120